{"id":1030,"date":"2025-11-26T23:37:28","date_gmt":"2025-11-26T23:37:28","guid":{"rendered":"https:\/\/agenciawebguadalajara.com\/emb\/producto\/pinza-sonisicions-5mm-39-cm-covidien\/"},"modified":"2025-11-26T23:37:30","modified_gmt":"2025-11-26T23:37:30","slug":"pinza-sonisicions-5mm-39-cm-covidien","status":"publish","type":"product","link":"https:\/\/agenciawebguadalajara.com\/emb\/producto\/pinza-sonisicions-5mm-39-cm-covidien\/","title":{"rendered":"PINZA SONISICIONS 5MM 39 CM COVIDIEN"},"content":{"rendered":"<p>Disector ultras\u00f3nico inal\u00e1mbrico de mand\u00edbula curva, utilizado en procedimientos de cirug\u00eda laparosc\u00f3pica y abierta para la disecci\u00f3n y coagulaci\u00f3n de tejidos.<\/p>\n","protected":false},"excerpt":{"rendered":"<p>Disector ultras\u00f3nico inal\u00e1mbrico de mand\u00edbula curva\u00a0utilizado en procedimientos quir\u00fargicos laparosc\u00f3picos<\/p>\n","protected":false},"featured_media":545,"template":"","meta":[],"product_brand":[],"product_cat":[32],"product_tag":[41],"class_list":{"0":"post-1030","1":"product","2":"type-product","3":"status-publish","4":"has-post-thumbnail","6":"product_cat-insumo-medico","7":"product_tag-covidien","9":"first","10":"instock","11":"product-type-simple"},"_links":{"self":[{"href":"https:\/\/agenciawebguadalajara.com\/emb\/wp-json\/wp\/v2\/product\/1030","targetHints":{"allow":["GET"]}}],"collection":[{"href":"https:\/\/agenciawebguadalajara.com\/emb\/wp-json\/wp\/v2\/product"}],"about":[{"href":"https:\/\/agenciawebguadalajara.com\/emb\/wp-json\/wp\/v2\/types\/product"}],"version-history":[{"count":1,"href":"https:\/\/agenciawebguadalajara.com\/emb\/wp-json\/wp\/v2\/product\/1030\/revisions"}],"predecessor-version":[{"id":1031,"href":"https:\/\/agenciawebguadalajara.com\/emb\/wp-json\/wp\/v2\/product\/1030\/revisions\/1031"}],"wp:featuredmedia":[{"embeddable":true,"href":"https:\/\/agenciawebguadalajara.com\/emb\/wp-json\/wp\/v2\/media\/545"}],"wp:attachment":[{"href":"https:\/\/agenciawebguadalajara.com\/emb\/wp-json\/wp\/v2\/media?parent=1030"}],"wp:term":[{"taxonomy":"product_brand","embeddable":true,"href":"https:\/\/agenciawebguadalajara.com\/emb\/wp-json\/wp\/v2\/product_brand?post=1030"},{"taxonomy":"product_cat","embeddable":true,"href":"https:\/\/agenciawebguadalajara.com\/emb\/wp-json\/wp\/v2\/product_cat?post=1030"},{"taxonomy":"product_tag","embeddable":true,"href":"https:\/\/agenciawebguadalajara.com\/emb\/wp-json\/wp\/v2\/product_tag?post=1030"}],"curies":[{"name":"wp","href":"https:\/\/api.w.org\/{rel}","templated":true}]}}