{"id":1058,"date":"2025-11-26T23:37:32","date_gmt":"2025-11-26T23:37:32","guid":{"rendered":"https:\/\/agenciawebguadalajara.com\/emb\/producto\/endo-gia-articulating-reload-withry-60-mm-jpg-2\/"},"modified":"2025-11-26T23:37:33","modified_gmt":"2025-11-26T23:37:33","slug":"endo-gia-articulating-reload-withry-60-mm-jpg-2","status":"publish","type":"product","link":"https:\/\/agenciawebguadalajara.com\/emb\/producto\/endo-gia-articulating-reload-withry-60-mm-jpg-2\/","title":{"rendered":"ENDO GIA ARTICULATING RELOAD  WITHRY 60 MM.JPG"},"content":{"rendered":"<p>Dispositivo de un solo uso, est\u00e9ril, dise\u00f1ado para resecci\u00f3n, transecci\u00f3n y creaci\u00f3n de anastomosis en cirug\u00edas abdominales, ginecol\u00f3gicas, pedi\u00e1tricas y tor\u00e1cicas.<\/p>\n","protected":false},"excerpt":{"rendered":"<p>Dise\u00f1ado para ser utilizado con engrapadoras quir\u00fargicas Endo GIA Ultra Universal u otras engrapadoras Endo GIA est\u00e1ndar compatibles<\/p>\n","protected":false},"featured_media":488,"template":"","meta":[],"product_brand":[],"product_cat":[32],"product_tag":[31],"class_list":{"0":"post-1058","1":"product","2":"type-product","3":"status-publish","4":"has-post-thumbnail","6":"product_cat-insumo-medico","7":"product_tag-ethicon","9":"first","10":"instock","11":"product-type-simple"},"_links":{"self":[{"href":"https:\/\/agenciawebguadalajara.com\/emb\/wp-json\/wp\/v2\/product\/1058","targetHints":{"allow":["GET"]}}],"collection":[{"href":"https:\/\/agenciawebguadalajara.com\/emb\/wp-json\/wp\/v2\/product"}],"about":[{"href":"https:\/\/agenciawebguadalajara.com\/emb\/wp-json\/wp\/v2\/types\/product"}],"version-history":[{"count":1,"href":"https:\/\/agenciawebguadalajara.com\/emb\/wp-json\/wp\/v2\/product\/1058\/revisions"}],"predecessor-version":[{"id":1059,"href":"https:\/\/agenciawebguadalajara.com\/emb\/wp-json\/wp\/v2\/product\/1058\/revisions\/1059"}],"wp:featuredmedia":[{"embeddable":true,"href":"https:\/\/agenciawebguadalajara.com\/emb\/wp-json\/wp\/v2\/media\/488"}],"wp:attachment":[{"href":"https:\/\/agenciawebguadalajara.com\/emb\/wp-json\/wp\/v2\/media?parent=1058"}],"wp:term":[{"taxonomy":"product_brand","embeddable":true,"href":"https:\/\/agenciawebguadalajara.com\/emb\/wp-json\/wp\/v2\/product_brand?post=1058"},{"taxonomy":"product_cat","embeddable":true,"href":"https:\/\/agenciawebguadalajara.com\/emb\/wp-json\/wp\/v2\/product_cat?post=1058"},{"taxonomy":"product_tag","embeddable":true,"href":"https:\/\/agenciawebguadalajara.com\/emb\/wp-json\/wp\/v2\/product_tag?post=1058"}],"curies":[{"name":"wp","href":"https:\/\/api.w.org\/{rel}","templated":true}]}}