{"id":1066,"date":"2025-11-26T23:37:32","date_gmt":"2025-11-26T23:37:32","guid":{"rendered":"https:\/\/agenciawebguadalajara.com\/emb\/producto\/endo-gia-auto-suture-universal-stapler\/"},"modified":"2025-11-26T23:37:33","modified_gmt":"2025-11-26T23:37:33","slug":"endo-gia-auto-suture-universal-stapler","status":"publish","type":"product","link":"https:\/\/agenciawebguadalajara.com\/emb\/producto\/endo-gia-auto-suture-universal-stapler\/","title":{"rendered":"ENDO GIA AUTO SUTURE UNIVERSAL STAPLER"},"content":{"rendered":"<p>Los aplicadores endosc\u00f3picos de clips m\u00faltiples con clips de titanio de 10 mm de di\u00e1metro est\u00e1n disponibles a trav\u00e9s de los principales fabricantes de dispositivos m\u00e9dicos<\/p>\n","protected":false},"excerpt":{"rendered":"<p>Se utiliza para\u00a0cortar y engrapar (suturar) tejido simult\u00e1neamente\u00a0durante procedimientos quir\u00fargicos internos.<\/p>\n","protected":false},"featured_media":489,"template":"","meta":[],"product_brand":[],"product_cat":[32],"product_tag":[],"class_list":{"0":"post-1066","1":"product","2":"type-product","3":"status-publish","4":"has-post-thumbnail","6":"product_cat-insumo-medico","8":"first","9":"instock","10":"product-type-simple"},"_links":{"self":[{"href":"https:\/\/agenciawebguadalajara.com\/emb\/wp-json\/wp\/v2\/product\/1066","targetHints":{"allow":["GET"]}}],"collection":[{"href":"https:\/\/agenciawebguadalajara.com\/emb\/wp-json\/wp\/v2\/product"}],"about":[{"href":"https:\/\/agenciawebguadalajara.com\/emb\/wp-json\/wp\/v2\/types\/product"}],"version-history":[{"count":1,"href":"https:\/\/agenciawebguadalajara.com\/emb\/wp-json\/wp\/v2\/product\/1066\/revisions"}],"predecessor-version":[{"id":1067,"href":"https:\/\/agenciawebguadalajara.com\/emb\/wp-json\/wp\/v2\/product\/1066\/revisions\/1067"}],"wp:featuredmedia":[{"embeddable":true,"href":"https:\/\/agenciawebguadalajara.com\/emb\/wp-json\/wp\/v2\/media\/489"}],"wp:attachment":[{"href":"https:\/\/agenciawebguadalajara.com\/emb\/wp-json\/wp\/v2\/media?parent=1066"}],"wp:term":[{"taxonomy":"product_brand","embeddable":true,"href":"https:\/\/agenciawebguadalajara.com\/emb\/wp-json\/wp\/v2\/product_brand?post=1066"},{"taxonomy":"product_cat","embeddable":true,"href":"https:\/\/agenciawebguadalajara.com\/emb\/wp-json\/wp\/v2\/product_cat?post=1066"},{"taxonomy":"product_tag","embeddable":true,"href":"https:\/\/agenciawebguadalajara.com\/emb\/wp-json\/wp\/v2\/product_tag?post=1066"}],"curies":[{"name":"wp","href":"https:\/\/api.w.org\/{rel}","templated":true}]}}