{"id":876,"date":"2025-11-26T23:37:17","date_gmt":"2025-11-26T23:37:17","guid":{"rendered":"https:\/\/agenciawebguadalajara.com\/emb\/producto\/acticoat-10x10\/"},"modified":"2025-11-26T23:37:17","modified_gmt":"2025-11-26T23:37:17","slug":"acticoat-10x10","status":"publish","type":"product","link":"https:\/\/agenciawebguadalajara.com\/emb\/producto\/acticoat-10x10\/","title":{"rendered":"ACTICOAT 10X10"},"content":{"rendered":"<p>Ap\u00f3sito de plata nanocristalina para\u00a0prevenir y tratar infecciones en heridas agudas o cr\u00f3nicas. Act\u00faa como una barrera antimicrobiana, mata a una amplia gama de pat\u00f3genos y libera plata de forma sostenida para ayudar a que la herida sane m\u00e1s r\u00e1pido, sin adherirse al lecho de la herida. Se utiliza en heridas como quemaduras, \u00falceras (venosas, de pie diab\u00e9tico, por presi\u00f3n), sitios quir\u00fargicos y otras heridas traum\u00e1ticas o cr\u00f3nicas.\u00a0<\/p>\n","protected":false},"excerpt":{"rendered":"<p>Si un ap\u00f3sito antimicrobiano que contiene plata nanocristalina, indicado para el tratamiento de diversas heridas, incluyendo quemaduras, \u00falceras y heridas postquir\u00fargicas, tanto cr\u00f3nicas como agudas.<\/p>\n","protected":false},"featured_media":456,"template":"","meta":[],"product_brand":[],"product_cat":[32],"product_tag":[26],"class_list":{"0":"post-876","1":"product","2":"type-product","3":"status-publish","4":"has-post-thumbnail","6":"product_cat-insumo-medico","7":"product_tag-smithnephew","9":"first","10":"instock","11":"product-type-simple"},"_links":{"self":[{"href":"https:\/\/agenciawebguadalajara.com\/emb\/wp-json\/wp\/v2\/product\/876","targetHints":{"allow":["GET"]}}],"collection":[{"href":"https:\/\/agenciawebguadalajara.com\/emb\/wp-json\/wp\/v2\/product"}],"about":[{"href":"https:\/\/agenciawebguadalajara.com\/emb\/wp-json\/wp\/v2\/types\/product"}],"version-history":[{"count":1,"href":"https:\/\/agenciawebguadalajara.com\/emb\/wp-json\/wp\/v2\/product\/876\/revisions"}],"predecessor-version":[{"id":877,"href":"https:\/\/agenciawebguadalajara.com\/emb\/wp-json\/wp\/v2\/product\/876\/revisions\/877"}],"wp:featuredmedia":[{"embeddable":true,"href":"https:\/\/agenciawebguadalajara.com\/emb\/wp-json\/wp\/v2\/media\/456"}],"wp:attachment":[{"href":"https:\/\/agenciawebguadalajara.com\/emb\/wp-json\/wp\/v2\/media?parent=876"}],"wp:term":[{"taxonomy":"product_brand","embeddable":true,"href":"https:\/\/agenciawebguadalajara.com\/emb\/wp-json\/wp\/v2\/product_brand?post=876"},{"taxonomy":"product_cat","embeddable":true,"href":"https:\/\/agenciawebguadalajara.com\/emb\/wp-json\/wp\/v2\/product_cat?post=876"},{"taxonomy":"product_tag","embeddable":true,"href":"https:\/\/agenciawebguadalajara.com\/emb\/wp-json\/wp\/v2\/product_tag?post=876"}],"curies":[{"name":"wp","href":"https:\/\/api.w.org\/{rel}","templated":true}]}}