{"id":888,"date":"2025-11-26T23:37:17","date_gmt":"2025-11-26T23:37:17","guid":{"rendered":"https:\/\/agenciawebguadalajara.com\/emb\/producto\/pico15x30\/"},"modified":"2025-11-26T23:37:18","modified_gmt":"2025-11-26T23:37:18","slug":"pico15x30","status":"publish","type":"product","link":"https:\/\/agenciawebguadalajara.com\/emb\/producto\/pico15x30\/","title":{"rendered":"PICO15X30"},"content":{"rendered":"<p>\u00a0Es un sistema de terapia de presi\u00f3n negativa (TPN) para el cuidado de heridas. Su funci\u00f3n es promover la cicatrizaci\u00f3n mediante la aplicaci\u00f3n de una suave succi\u00f3n que ayuda a eliminar el exudado, protege la herida y puede usarse tanto en el hospital como en casa. Est\u00e1 indicado para diversas heridas, como las quir\u00fargicas, cr\u00f3nicas, agudas, quemaduras de espesor parcial y zonas de injerto<\/p>\n","protected":false},"excerpt":{"rendered":"<p>Para tratar incisiones quir\u00fargicas cerradas y heridas de dif\u00edcil cicatrizaci\u00f3n con una bomba mejorada que facilita el uso hasta 7 d\u00edas con menos intervenci\u00f3n del usuario.<\/p>\n","protected":false},"featured_media":542,"template":"","meta":[],"product_brand":[],"product_cat":[32],"product_tag":[26],"class_list":{"0":"post-888","1":"product","2":"type-product","3":"status-publish","4":"has-post-thumbnail","6":"product_cat-insumo-medico","7":"product_tag-smithnephew","9":"first","10":"instock","11":"product-type-simple"},"_links":{"self":[{"href":"https:\/\/agenciawebguadalajara.com\/emb\/wp-json\/wp\/v2\/product\/888","targetHints":{"allow":["GET"]}}],"collection":[{"href":"https:\/\/agenciawebguadalajara.com\/emb\/wp-json\/wp\/v2\/product"}],"about":[{"href":"https:\/\/agenciawebguadalajara.com\/emb\/wp-json\/wp\/v2\/types\/product"}],"version-history":[{"count":1,"href":"https:\/\/agenciawebguadalajara.com\/emb\/wp-json\/wp\/v2\/product\/888\/revisions"}],"predecessor-version":[{"id":889,"href":"https:\/\/agenciawebguadalajara.com\/emb\/wp-json\/wp\/v2\/product\/888\/revisions\/889"}],"wp:featuredmedia":[{"embeddable":true,"href":"https:\/\/agenciawebguadalajara.com\/emb\/wp-json\/wp\/v2\/media\/542"}],"wp:attachment":[{"href":"https:\/\/agenciawebguadalajara.com\/emb\/wp-json\/wp\/v2\/media?parent=888"}],"wp:term":[{"taxonomy":"product_brand","embeddable":true,"href":"https:\/\/agenciawebguadalajara.com\/emb\/wp-json\/wp\/v2\/product_brand?post=888"},{"taxonomy":"product_cat","embeddable":true,"href":"https:\/\/agenciawebguadalajara.com\/emb\/wp-json\/wp\/v2\/product_cat?post=888"},{"taxonomy":"product_tag","embeddable":true,"href":"https:\/\/agenciawebguadalajara.com\/emb\/wp-json\/wp\/v2\/product_tag?post=888"}],"curies":[{"name":"wp","href":"https:\/\/api.w.org\/{rel}","templated":true}]}}