{"id":936,"date":"2025-11-26T23:37:21","date_gmt":"2025-11-26T23:37:21","guid":{"rendered":"https:\/\/agenciawebguadalajara.com\/emb\/producto\/lifotronic-canister-cl1000\/"},"modified":"2025-11-26T23:37:22","modified_gmt":"2025-11-26T23:37:22","slug":"lifotronic-canister-cl1000","status":"publish","type":"product","link":"https:\/\/agenciawebguadalajara.com\/emb\/producto\/lifotronic-canister-cl1000\/","title":{"rendered":"LIFOTRONIC CANISTER CL1000"},"content":{"rendered":"<p>\u00a0Es un\u00a0recipiente descartable\u00a0de 1000 mL de capacidad dise\u00f1ado para utilizarse con los sistemas de tratamiento de heridas con presi\u00f3n negativa (TPN), espec\u00edficamente con la\u00a0bomba NP-600\u00a0de la misma marca<\/p>\n","protected":false},"excerpt":{"rendered":"<p>Recipiente desechable de 1000 ml\u00a0dise\u00f1ado para la recolecci\u00f3n segura del exudado (l\u00edquido de la herida) en la\u00a0terapia de heridas con presi\u00f3n negativa<\/p>\n","protected":false},"featured_media":471,"template":"","meta":[],"product_brand":[],"product_cat":[32],"product_tag":[25],"class_list":{"0":"post-936","1":"product","2":"type-product","3":"status-publish","4":"has-post-thumbnail","6":"product_cat-insumo-medico","7":"product_tag-lifotronic","9":"first","10":"instock","11":"product-type-simple"},"_links":{"self":[{"href":"https:\/\/agenciawebguadalajara.com\/emb\/wp-json\/wp\/v2\/product\/936","targetHints":{"allow":["GET"]}}],"collection":[{"href":"https:\/\/agenciawebguadalajara.com\/emb\/wp-json\/wp\/v2\/product"}],"about":[{"href":"https:\/\/agenciawebguadalajara.com\/emb\/wp-json\/wp\/v2\/types\/product"}],"version-history":[{"count":1,"href":"https:\/\/agenciawebguadalajara.com\/emb\/wp-json\/wp\/v2\/product\/936\/revisions"}],"predecessor-version":[{"id":937,"href":"https:\/\/agenciawebguadalajara.com\/emb\/wp-json\/wp\/v2\/product\/936\/revisions\/937"}],"wp:featuredmedia":[{"embeddable":true,"href":"https:\/\/agenciawebguadalajara.com\/emb\/wp-json\/wp\/v2\/media\/471"}],"wp:attachment":[{"href":"https:\/\/agenciawebguadalajara.com\/emb\/wp-json\/wp\/v2\/media?parent=936"}],"wp:term":[{"taxonomy":"product_brand","embeddable":true,"href":"https:\/\/agenciawebguadalajara.com\/emb\/wp-json\/wp\/v2\/product_brand?post=936"},{"taxonomy":"product_cat","embeddable":true,"href":"https:\/\/agenciawebguadalajara.com\/emb\/wp-json\/wp\/v2\/product_cat?post=936"},{"taxonomy":"product_tag","embeddable":true,"href":"https:\/\/agenciawebguadalajara.com\/emb\/wp-json\/wp\/v2\/product_tag?post=936"}],"curies":[{"name":"wp","href":"https:\/\/api.w.org\/{rel}","templated":true}]}}