{"id":964,"date":"2025-11-26T23:37:24","date_gmt":"2025-11-26T23:37:24","guid":{"rendered":"https:\/\/agenciawebguadalajara.com\/emb\/producto\/membracel\/"},"modified":"2025-11-26T23:37:25","modified_gmt":"2025-11-26T23:37:25","slug":"membracel","status":"publish","type":"product","link":"https:\/\/agenciawebguadalajara.com\/emb\/producto\/membracel\/","title":{"rendered":"MEMBRACEL"},"content":{"rendered":"<p>Es un\u00a0ap\u00f3sito especial (una membrana biol\u00f3gica de col\u00e1geno) dise\u00f1ado para\u00a0acelerar el proceso de cicatrizaci\u00f3n de la piel. Act\u00faa como un sustituto temporal de la piel, proporcionando un entorno \u00f3ptimo para la regeneraci\u00f3n del tejido da\u00f1ado y aliviando el dolor.<\/p>\n","protected":false},"excerpt":{"rendered":"<p>Act\u00faa como un\u00a0sustituto temporal de la piel\u00a0para acelerar la regeneraci\u00f3n y cicatrizaci\u00f3n.<\/p>\n","protected":false},"featured_media":533,"template":"","meta":[],"product_brand":[],"product_cat":[32],"product_tag":[],"class_list":{"0":"post-964","1":"product","2":"type-product","3":"status-publish","4":"has-post-thumbnail","6":"product_cat-insumo-medico","8":"first","9":"instock","10":"product-type-simple"},"_links":{"self":[{"href":"https:\/\/agenciawebguadalajara.com\/emb\/wp-json\/wp\/v2\/product\/964","targetHints":{"allow":["GET"]}}],"collection":[{"href":"https:\/\/agenciawebguadalajara.com\/emb\/wp-json\/wp\/v2\/product"}],"about":[{"href":"https:\/\/agenciawebguadalajara.com\/emb\/wp-json\/wp\/v2\/types\/product"}],"version-history":[{"count":1,"href":"https:\/\/agenciawebguadalajara.com\/emb\/wp-json\/wp\/v2\/product\/964\/revisions"}],"predecessor-version":[{"id":965,"href":"https:\/\/agenciawebguadalajara.com\/emb\/wp-json\/wp\/v2\/product\/964\/revisions\/965"}],"wp:featuredmedia":[{"embeddable":true,"href":"https:\/\/agenciawebguadalajara.com\/emb\/wp-json\/wp\/v2\/media\/533"}],"wp:attachment":[{"href":"https:\/\/agenciawebguadalajara.com\/emb\/wp-json\/wp\/v2\/media?parent=964"}],"wp:term":[{"taxonomy":"product_brand","embeddable":true,"href":"https:\/\/agenciawebguadalajara.com\/emb\/wp-json\/wp\/v2\/product_brand?post=964"},{"taxonomy":"product_cat","embeddable":true,"href":"https:\/\/agenciawebguadalajara.com\/emb\/wp-json\/wp\/v2\/product_cat?post=964"},{"taxonomy":"product_tag","embeddable":true,"href":"https:\/\/agenciawebguadalajara.com\/emb\/wp-json\/wp\/v2\/product_tag?post=964"}],"curies":[{"name":"wp","href":"https:\/\/api.w.org\/{rel}","templated":true}]}}