{"id":990,"date":"2025-11-26T23:37:24","date_gmt":"2025-11-26T23:37:24","guid":{"rendered":"https:\/\/agenciawebguadalajara.com\/emb\/producto\/disector-curvo-con-monopolar-5mm\/"},"modified":"2025-11-26T23:37:26","modified_gmt":"2025-11-26T23:37:26","slug":"disector-curvo-con-monopolar-5mm","status":"publish","type":"product","link":"https:\/\/agenciawebguadalajara.com\/emb\/producto\/disector-curvo-con-monopolar-5mm\/","title":{"rendered":"DISECTOR CURVO CON MONOPOLAR 5MM"},"content":{"rendered":"<p>Un\u00a0disector curvo con monopolar de 5 mm\u00a0es un\u00a0instrumento quir\u00fargico de endocirug\u00eda (laparoscopia) que se utiliza para la disecci\u00f3n y coagulaci\u00f3n simult\u00e1nea de tejidos<\/p>\n","protected":false},"excerpt":{"rendered":"<p>Este instrumento combina la\u00a0capacidad mec\u00e1nica de un disector curvo\u00a0para manipular y separar estructuras con la\u00a0funcionalidad electroquir\u00fargica\u00a0para coagular y cortar, todo a trav\u00e9s de una incisi\u00f3n m\u00ednima de 5 mm.<\/p>\n","protected":false},"featured_media":480,"template":"","meta":[],"product_brand":[],"product_cat":[32],"product_tag":[],"class_list":{"0":"post-990","1":"product","2":"type-product","3":"status-publish","4":"has-post-thumbnail","6":"product_cat-insumo-medico","8":"first","9":"instock","10":"product-type-simple"},"_links":{"self":[{"href":"https:\/\/agenciawebguadalajara.com\/emb\/wp-json\/wp\/v2\/product\/990","targetHints":{"allow":["GET"]}}],"collection":[{"href":"https:\/\/agenciawebguadalajara.com\/emb\/wp-json\/wp\/v2\/product"}],"about":[{"href":"https:\/\/agenciawebguadalajara.com\/emb\/wp-json\/wp\/v2\/types\/product"}],"version-history":[{"count":1,"href":"https:\/\/agenciawebguadalajara.com\/emb\/wp-json\/wp\/v2\/product\/990\/revisions"}],"predecessor-version":[{"id":991,"href":"https:\/\/agenciawebguadalajara.com\/emb\/wp-json\/wp\/v2\/product\/990\/revisions\/991"}],"wp:featuredmedia":[{"embeddable":true,"href":"https:\/\/agenciawebguadalajara.com\/emb\/wp-json\/wp\/v2\/media\/480"}],"wp:attachment":[{"href":"https:\/\/agenciawebguadalajara.com\/emb\/wp-json\/wp\/v2\/media?parent=990"}],"wp:term":[{"taxonomy":"product_brand","embeddable":true,"href":"https:\/\/agenciawebguadalajara.com\/emb\/wp-json\/wp\/v2\/product_brand?post=990"},{"taxonomy":"product_cat","embeddable":true,"href":"https:\/\/agenciawebguadalajara.com\/emb\/wp-json\/wp\/v2\/product_cat?post=990"},{"taxonomy":"product_tag","embeddable":true,"href":"https:\/\/agenciawebguadalajara.com\/emb\/wp-json\/wp\/v2\/product_tag?post=990"}],"curies":[{"name":"wp","href":"https:\/\/api.w.org\/{rel}","templated":true}]}}