{"id":994,"date":"2025-11-26T23:37:24","date_gmt":"2025-11-26T23:37:24","guid":{"rendered":"https:\/\/agenciawebguadalajara.com\/emb\/producto\/pinzas-gasper-de-agarre-curva-dentada-5mm\/"},"modified":"2025-11-26T23:37:26","modified_gmt":"2025-11-26T23:37:26","slug":"pinzas-gasper-de-agarre-curva-dentada-5mm","status":"publish","type":"product","link":"https:\/\/agenciawebguadalajara.com\/emb\/producto\/pinzas-gasper-de-agarre-curva-dentada-5mm\/","title":{"rendered":"PINZAS GASPER DE AGARRE CURVA DENTADA 5MM"},"content":{"rendered":"<p>Estas pinzas son herramientas quir\u00fargicas utilizadas para sujetar y manipular tejidos, especialmente en \u00e1reas estrechas debido a su curvatura. Vienen en variantes tanto\u00a0reutilizables\u00a0(autoclavables) como\u00a0desechables.<\/p>\n","protected":false},"excerpt":{"rendered":"<p>\u00a0Es un instrumento quir\u00fargico laparosc\u00f3pico utilizado para la manipulaci\u00f3n y sujeci\u00f3n de tejidos durante procedimientos m\u00e9dicos<\/p>\n","protected":false},"featured_media":546,"template":"","meta":[],"product_brand":[],"product_cat":[32],"product_tag":[],"class_list":{"0":"post-994","1":"product","2":"type-product","3":"status-publish","4":"has-post-thumbnail","6":"product_cat-insumo-medico","8":"first","9":"instock","10":"product-type-simple"},"_links":{"self":[{"href":"https:\/\/agenciawebguadalajara.com\/emb\/wp-json\/wp\/v2\/product\/994","targetHints":{"allow":["GET"]}}],"collection":[{"href":"https:\/\/agenciawebguadalajara.com\/emb\/wp-json\/wp\/v2\/product"}],"about":[{"href":"https:\/\/agenciawebguadalajara.com\/emb\/wp-json\/wp\/v2\/types\/product"}],"version-history":[{"count":1,"href":"https:\/\/agenciawebguadalajara.com\/emb\/wp-json\/wp\/v2\/product\/994\/revisions"}],"predecessor-version":[{"id":995,"href":"https:\/\/agenciawebguadalajara.com\/emb\/wp-json\/wp\/v2\/product\/994\/revisions\/995"}],"wp:featuredmedia":[{"embeddable":true,"href":"https:\/\/agenciawebguadalajara.com\/emb\/wp-json\/wp\/v2\/media\/546"}],"wp:attachment":[{"href":"https:\/\/agenciawebguadalajara.com\/emb\/wp-json\/wp\/v2\/media?parent=994"}],"wp:term":[{"taxonomy":"product_brand","embeddable":true,"href":"https:\/\/agenciawebguadalajara.com\/emb\/wp-json\/wp\/v2\/product_brand?post=994"},{"taxonomy":"product_cat","embeddable":true,"href":"https:\/\/agenciawebguadalajara.com\/emb\/wp-json\/wp\/v2\/product_cat?post=994"},{"taxonomy":"product_tag","embeddable":true,"href":"https:\/\/agenciawebguadalajara.com\/emb\/wp-json\/wp\/v2\/product_tag?post=994"}],"curies":[{"name":"wp","href":"https:\/\/api.w.org\/{rel}","templated":true}]}}